{"id":20,"date":"2025-02-18T16:27:25","date_gmt":"2025-02-18T15:27:25","guid":{"rendered":"https:\/\/wahrnehmungsbericht.aekwien.at\/2025\/?page_id=20"},"modified":"2026-03-24T14:30:34","modified_gmt":"2026-03-24T13:30:34","slug":"impressum","status":"publish","type":"page","link":"https:\/\/wahrnehmungsbericht.aekwien.at\/2025\/impressum\/","title":{"rendered":"Impressum"},"content":{"rendered":"\n<h2 class=\"wp-block-heading\"><br><\/h2>\n\n\n\n<h1 class=\"wp-block-heading has-text-align-center\">IMPRESSUM<\/h1>\n\n\n\n<h2 class=\"wp-block-heading\"><strong>Rechtshinweis \u2013 privacy<\/strong><\/h2>\n\n\n\n<h6 class=\"wp-block-heading\"><br><strong>Medieninhaber und Herausgeber&nbsp;<\/strong><\/h6>\n\n\n\n<p>\u00c4rztekammer f\u00fcr Wien<br>K\u00f6rperschaft des \u00f6ffentlichen Rechts<br>vertreten durch den Pr\u00e4sidenten<br>A-1010 Wien, Weihburggasse 10-12<\/p>\n\n\n\n<p>Tel.: +43 1 51501-0<br>E-Mail: <a href=\"mailto:presse@aekwien.at\">pressestelle@aekwien.at<\/a><\/p>\n\n\n\n<p>Die jeweils aktuelle detaillierte Fassung des Impressums ist unter <a href=\"https:\/\/www.aekwien.at\/impressum\">https:\/\/www.aekwien.at\/impressum<\/a> abrufbar.<\/p>\n\n\n\n<h6 class=\"wp-block-heading\"><strong>Fotocredits<\/strong><\/h6>\n\n\n\n<p>Kammer f\u00fcr \u00c4rztinnen und \u00c4rzte in Wien, Andreas&nbsp;Dullinger \u2013 \u00c4rztefunkdienst Wien, Stadt Wien, Ben&nbsp;Kaulfus, Angela&nbsp;Kista, Michaela Obermair, Stefan&nbsp;Seelig, Oliver&nbsp;Topf, Christian&nbsp;Juhasz \u2013 APA Fotoservice, Kreimeier Filmproduktion, Pavel&nbsp;Danilyuk \u2013 Pexels, Vitaly Gariev \u2013 Unsplash, Karolina Grabowska \u2013 Pexels, Tingey&nbsp;Injury Law Firm \u2013 Unsplash.<\/p>\n\n\n\n<h6 class=\"wp-block-heading\"><strong>Datenschutz<\/strong><\/h6>\n\n\n\n<p>Die jeweils aktuelle Fassung der Datenschutzerkl\u00e4rung ist unter <a href=\"https:\/\/www.aekwien.at\/datenschutz\">https:\/\/www.aekwien.at\/datenschutz<\/a> abrufbar.<\/p>\n","protected":false},"excerpt":{"rendered":"<p>IMPRESSUM Rechtshinweis \u2013 privacy Medieninhaber und Herausgeber&nbsp; \u00c4rztekammer f\u00fcr WienK\u00f6rperschaft des \u00f6ffentlichen Rechtsvertreten durch den Pr\u00e4sidentenA-1010 Wien, Weihburggasse 10-12 Tel.: +43 1 51501-0E-Mail: pressestelle@aekwien.at Die jeweils aktuelle detaillierte Fassung des Impressums ist unter https:\/\/www.aekwien.at\/impressum abrufbar. Fotocredits Kammer f\u00fcr \u00c4rztinnen und \u00c4rzte in Wien, Andreas&nbsp;Dullinger \u2013 \u00c4rztefunkdienst Wien, Stadt Wien, Ben&nbsp;Kaulfus, Angela&nbsp;Kista, Michaela Obermair, Stefan&nbsp;Seelig, Oliver&nbsp;Topf, [&hellip;]<\/p>\n","protected":false},"author":1,"featured_media":0,"parent":0,"menu_order":0,"comment_status":"closed","ping_status":"closed","template":"","meta":{"_acf_changed":false,"footnotes":""},"class_list":["post-20","page","type-page","status-publish","hentry"],"acf":[],"_links":{"self":[{"href":"https:\/\/wahrnehmungsbericht.aekwien.at\/2025\/wp-json\/wp\/v2\/pages\/20","targetHints":{"allow":["GET"]}}],"collection":[{"href":"https:\/\/wahrnehmungsbericht.aekwien.at\/2025\/wp-json\/wp\/v2\/pages"}],"about":[{"href":"https:\/\/wahrnehmungsbericht.aekwien.at\/2025\/wp-json\/wp\/v2\/types\/page"}],"author":[{"embeddable":true,"href":"https:\/\/wahrnehmungsbericht.aekwien.at\/2025\/wp-json\/wp\/v2\/users\/1"}],"replies":[{"embeddable":true,"href":"https:\/\/wahrnehmungsbericht.aekwien.at\/2025\/wp-json\/wp\/v2\/comments?post=20"}],"version-history":[{"count":9,"href":"https:\/\/wahrnehmungsbericht.aekwien.at\/2025\/wp-json\/wp\/v2\/pages\/20\/revisions"}],"predecessor-version":[{"id":2562,"href":"https:\/\/wahrnehmungsbericht.aekwien.at\/2025\/wp-json\/wp\/v2\/pages\/20\/revisions\/2562"}],"wp:attachment":[{"href":"https:\/\/wahrnehmungsbericht.aekwien.at\/2025\/wp-json\/wp\/v2\/media?parent=20"}],"curies":[{"name":"wp","href":"https:\/\/api.w.org\/{rel}","templated":true}]}}